(o) = 23*o + 61. Let i(j) = -4*h(j) - 9*w(j). Let k(t) = 3*t + 13. Let x(r) = -4*i(r) + 9*k(r). What is the units digit of x(11)?
2
Suppose 3*a - 4*m - 9 = -8*m, 0 = -3*a - m + 18. Suppose -203 = -a*i + 112. What is the tens digit of i?
4
Suppose -2*o + 1 = -4*k + 11, 2*k = 3*o + 3. What is the units digit of 46 - ((1 - o) + (3 - 1))?
4
Let t(k) = -k**3 - 6 + 0 + 10*k**2 - 7*k**2 + 9*k - 6*k**2. What is the hundreds digit of t(-7)?
1
Let n = 100 - 94. What is the units digit of -1*(n/(-8))/(2/520)?
5
Suppose -4*t + 2*v + 563 = -1277, -10 = 5*v. What is the units digit of t?
9
Let k(p) = 2*p + 1. Let z be k(-1). Let l = z - 13. Let a = -6 - l. What is the units digit of a?
8
Suppose -5*g + 15 + 5 = 0. Let j(u) = 3*u - 9. Let y be j(g). Suppose -y*b = -4*c - 62, 5*b - 68 = c + 41. What is the tens digit of b?
2
Suppose -29*w - 3*h + 15947 = -24*w, w - 3187 = -3*h. What is the units digit of w?
0
Let m = 11 + -9. Let j be 6/4 + 59/m. Suppose 2*s = -3*x + j, -3*s + 49 = 5*x + s. What is the units digit of x?
3
Let l(v) = -12*v - 43. Let x be l(-10). Let o = x + -38. What is the tens digit of o?
3
Suppose 1440 = 2*c + 4*g, 1848 + 314 = 3*c + 4*g. Suppose 3*a = -5*n + c, 3*a + 234 = 4*a - 5*n. What is the tens digit of a?
3
Let w(x) = 2*x**2 + 15*x + 99. What is the units digit of w(-10)?
9
Let g = 8 + -4. What is the tens digit of (-28)/g*460/(-14)?
3
Let s = 384 - -746. What is the hundreds digit of s?
1
Let v(a) be the third derivative of -59*a**4/24 - a**3/6 - 3*a**2. Let p = 43 - 44. What is the tens digit of v(p)?
5
Let z be -5 - 7/((2 - 3)*1). Let w = 6 + -3. Suppose -z*g - 22 = -w*g. What is the tens digit of g?
2
Let o(w) = -w**2 + 1. Let m be o(-1). Suppose -4*i + 77 = -227. Suppose 2*g + m*g - i = 0. What is the units digit of g?
8
Suppose -2*r - 2*c = r - 4, -c = 2*r - 4. Suppose -230 = -r*j - j. What is the units digit of j?
6
Suppose -5*j = y - 1226, -3*y + 3*j + 3209 + 523 = 0. What is the units digit of y?
1
Let k = 1424 - -536. What is the hundreds digit of k?
9
Let k be -14*-2*3/4. Suppose -51 = -2*y - 3*c, 2*y - 2*c = -y + 57. What is the units digit of 3/y - (-480)/k?
3
Let s(z) = 2*z + 44. What is the tens digit of s(12)?
6
Let f = -575 + 1050. What is the tens digit of f?
7
Let k be 42*1*1/(-2). Let f be 2/4 + k/(-6). Suppose 69 = -q + f*q. What is the tens digit of q?
2
What is the tens digit of ((-7440)/(-90))/((-1)/((-30)/4))?
2
Let s(j) = -18*j**3 - 3*j**2 - 5*j - 3. Let o be s(-2). Suppose 0*k + 2*n + 332 = 3*k, k + 5*n - o = 0. What is the tens digit of k?
1
Suppose 34 = u - 343. Suppose 33 = 2*h - u. What is the hundreds digit of h?
2
Let k be (60/21)/((-4)/(-14)). Let b = 108 + k. What is the tens digit of b?
1
Suppose -2*n = 5*o - 2*o + 4, -5*n + o = 10. What is the hundreds digit of (114*n)/4*-3?
1
Let g(m) = m**3 + 5*m**2 + 7*m + 4. Let l be g(-4). Let s(i) = -i**3 - 9*i**2 - 8*i - 6. Let k be s(l). Let x = k + 10. What is the units digit of x?
4
Let o = -305 - -490. What is the hundreds digit of o?
1
Let i(y) = y**3 + 8*y**2 - y + 4. Let q = 12 + -18. What is the tens digit of i(q)?
8
What is the hundreds digit of -3 + (-6 - 1 - -2154)?
1
Let z(u) = -10*u - 10. Let i be z(3). Let n = -9 - i. What is the tens digit of n?
3
Suppose 0 = 166*p - 167*p + 806. What is the units digit of p?
6
Let c(s) = 136*s**2 - s + 1. Let r be c(1). Suppose 146 = 3*i - 5*h, -4*i = -i + 5*h - r. What is the tens digit of i?
4
Suppose 4*m - 917 = 5*v + 982, -1431 = -3*m - 3*v. Suppose -4*i = -2*c + 324, 2*c - m = -c + i. Let u = c - 108. What is the units digit of u?
0
Let s(q) = 14*q - 36. Let r(g) = 3*g + 5*g - 12 - 2*g - g. Let v(y) = 11*r(y) - 4*s(y). What is the tens digit of v(-6)?
1
Let t(p) = p - 6. Let m be t(5). Let f(g) = -152*g - 8. What is the tens digit of f(m)?
4
Let c(f) = 6*f**3 + 2*f**2 - 5*f - 36. What is the units digit of c(5)?
9
What is the units digit of 2037/(9 - 8) + -1 + -6?
0
Suppose -s + 15 = 4*f, 2*f + 9 = 6*s - s. Suppose f*q + 35 = -2*q. Let w = q + 27. What is the tens digit of w?
2
Let t(s) = -19*s**2 + 1 + 20*s**2 - 3*s + 2*s. Suppose 2*y + d = 1, -1 = y + 2*y + 4*d. What is the units digit of t(y)?
1
Let t be ((-132)/10)/(16/80). What is the units digit of t/(-44) + 7/2?
5
Let t be (-2)/(-11) + 140/(-44) + 369. Let v = t + -217. What is the hundreds digit of v?
1
Let v(r) = -4*r - 8. Let j be v(-3). Suppose 3*o - j*t = 2 + 14, -5*o - 3*t + 17 = 0. Let x(n) = 8*n - 6. What is the tens digit of x(o)?
2
Suppose 5*h + 3*n = 13160, 12*h + 5*n - 23686 = 3*h. What is the thousands digit of h?
2
Suppose -24*u + 57059 - 9347 = 0. What is the thousands digit of u?
1
Let z = 7583 + -3172. What is the thousands digit of z?
4
Suppose 3*c + 0*c = -129. Let z = c - -45. What is the units digit of z?
2
Let m = -40 - 35. Suppose 2*g + g + 3 = 0, -3*x = -4*g - 331. Let y = x + m. What is the tens digit of y?
3
Let n(z) be the third derivative of 0*z - 1/3*z**3 + 0 - z**2 + 1/3*z**4 + 1/30*z**5. What is the units digit of n(-6)?
2
Let h be -53*(-1 - -5)/(-4). Let w = 239 - h. What is the tens digit of w?
8
Let c be -7 + 1 + 3 + 19. Suppose -140 = c*k - 20*k. What is the tens digit of k?
3
Suppose 2*x - 16 = -5*c, 0 = 4*c - x - 0 - 5. What is the tens digit of ((-4)/c + 3)*64?
6
Let p = 34 - 38. What is the tens digit of 3*(p + 53) + (-2 - 1)?
4
Suppose 2*q + 6 = 0, q - 1847 = -11*f + 6*f. What is the units digit of f?
0
Let j(o) = -20*o + 63. Let m be j(3). Let k(p) = -p + 1 + 0 + p**2 - 2*p**2 + 2*p**3. What is the units digit of k(m)?
3
Suppose -3*q = v - 2467, 10*q = 4*v + 12*q - 9888. What is the tens digit of v?
7
Suppose 71 = -3*q + 86. Suppose 156 = -q*z + 921. What is the tens digit of z?
5
Suppose 385*r - 392*r = -1848. What is the units digit of r?
4
Suppose -3*b - 25 = -8*b. Suppose -4*g - 295 - b = 0. Let u = g - -112. What is the units digit of u?
7
Let w(q) = -2*q**3 - 7*q**2 + 6*q - 10. Let p be w(-6). Suppose 3*c = 247 + p. What is the hundreds digit of c?
1
Let g be 309/21 - 12/(-42). Let j(u) = -u**3 + 16*u**2 - 17*u + 37. What is the units digit of j(g)?
7
Suppose 284 = 3*k + 4*f, 0 = 3*f + 15 - 3. Suppose 0 = 5*y + 105 - 125. Suppose 5*u = m + 2*m - 85, -y*m + 4*u = -k. What is the tens digit of m?
2
Let t = 3824 + -2471. What is the units digit of t?
3
Suppose -12 = -3*i - 6. Suppose 3*q + i*s - 10 = 48, 4*q - 84 = -4*s. Suppose -4*t = -q - 12. What is the units digit of t?
7
Suppose 0 = 71*b - 76*b + 3835. What is the hundreds digit of b?
7
Let n = -11 + 7. Let t(g) = 2 - 4 + 11*g - 7*g - 17*g. What is the units digit of t(n)?
0
Let t(y) be the second derivative of 0 + 5/6*y**3 - 3/2*y**2 + 12*y. What is the tens digit of t(12)?
5
Let h(y) = y**3 - 6*y**2 + 3*y + 14. Let g be h(5). Suppose 88 = -g*w + 6*w. What is the tens digit of w?
4
Let j = -390 - -550. Suppose 2*y - 3*q = -64, 3*q - j = 3*y + 2*y. What is the units digit of ((-18)/8)/(8/y)?
9
Suppose 80 = -2*q - 8. Let h = 61 + q. What is the units digit of h?
7
Let g = -36 - -37. What is the tens digit of g/((-6)/(-16)*(-2)/(-18))?
2
Let c be ((-66)/(-55))/((-3)/(-640)). Suppose -y + 5*k = 2*y - 166, -2*k + c = 5*y. What is the units digit of y?
2
Let x(r) be the third derivative of r**5/60 - r**4/3 + 5*r**3/6 - 6*r**2. What is the units digit of x(9)?
4
Let c(p) = 5*p**2 + 3*p + 2. Let j be c(-1). Suppose 0 = -5*a - j*l + 99, -2*a = -3*a + 4*l + 39. What is the units digit of a?
3
Let o = 3 + 54. Let i = o - -197. What is the units digit of i?
4
Let q(d) = -4*d**3 - d**2 + 5*d + 18. What is the units digit of q(-8)?
2
Suppose -4*t = t - 10. Suppose 2*d + t*d = -z + 14, -22 = 5*z - 3*d. Let w = 19 + z. What is the tens digit of w?
1
Suppose 57*j - 53*j = 640. What is the units digit of j?
0
Let b(w) = -5*w**2 - 47*w - 13. Let g be b(-9). Suppose g*y + y - 1272 = 0. What is the tens digit of y?
1
Suppose -5*w - 650 + 2144 = 2*o, w + 5*o - 285 = 0. Suppose r = -5*q + 4*r - w, 5*q + 3*r = -330. Let x = -25 - q. What is the units digit of x?
8
Let a be -7*1 - (-10 + 5). What is the hundreds digit of a/3 - (-2 + (-632)/3)?
2
Let j(i) = 7*i**3 + i**2 + 4*i - 3. Suppose -2 = -2*a + a. What is the units digit of j(a)?
5
Let d(v) = v**2 + 3*v + 3. Let s be d(7). Suppose 4*k - 8 = 0, l - 5*k + 2 = -4. Suppose -l*q = -15 - s. What is the tens digit of